
In base 15, what is -6 + 2245?
223e
In base 5, what is -10140240 - 2?
-10140242
In base 9, what is 88205 + 16?
88222
In base 13, what is 1415018 + -2?
1415016
In base 6, what is 423 - 422?
1
In base 9, what is 832 + -238?
583
In base 4, what is 21103 - -121?
21230
In base 16, what is -3 + a330?
a32d
In base 16, what is 1 + -5e1?
-5e0
In base 15, what is -a80 - -58?
-a27
In base 3, what is 2012200022 + 102?
2012200201
In base 11, what is -682 - -16?
-667
In base 16, what is -84c + 16?
-836
In base 15, what is -844 + -10e?
-953
In base 5, what is 411 - 134120?
-133204
In base 12, what is -34118 - 2?
-3411a
In base 8, what is 1507 - 2?
1505
In base 9, what is -34 - -4075?
4041
In base 3, what is -220221201 + -1?
-220221202
In base 13, what is -b6 + 1a0?
b7
In base 10, what is 0 + 36065?
36065
In base 6, what is -5 + -1440023?
-1440032
In base 8, what is 120276 - 42?
120234
In base 9, what is -603 - -4261?
3557
In base 6, what is -2 + -5033101?
-5033103
In base 15, what is 2c28 + 4?
2c2c
In base 3, what is -1101121200120 + 10?
-1101121200110
In base 5, what is -10414 - 1203?
-12122
In base 15, what is e - 5620?
-5611
In base 12, what is 2 - -aa1a6?
aa1a8
In base 3, what is -202100 + 211111?
2011
In base 6, what is -243100 - 424?
-243524
In base 10, what is -3 - -156213?
156210
In base 7, what is 4 + -15164026?
-15164022
In base 3, what is -110 + 1100011112?
1100011002
In base 10, what is -4678 - -19?
-4659
In base 9, what is 47 + -178452?
-178404
In base 6, what is 1525410 + 1?
1525411
In base 9, what is -57563 + -5?
-57568
In base 6, what is 1 - -3001225?
3001230
In base 16, what is 63 + -12c?
-c9
In base 4, what is -10 - 102333233?
-102333303
In base 13, what is 375cb + 5?
37603
In base 15, what is -5 + 274d?
2748
In base 14, what is -880 - -5c?
-822
In base 3, what is -2012100212 + -1022?
-2012102011
In base 4, what is 2 - 10100003?
-10100001
In base 15, what is 34c9 + -3?
34c6
In base 10, what is -189 - 2807?
-2996
In base 10, what is 75990 - -2?
75992
In base 10, what is -4 + 10250?
10246
In base 14, what is 41 + -cd?
-8c
In base 4, what is -30 - 1222002?
-1222032
In base 10, what is -78068 + 0?
-78068
In base 5, what is -1413 + -21?
-1434
In base 14, what is -3 - -c0882?
c087d
In base 6, what is 31 + 103504?
103535
In base 4, what is 32112 + -1001132?
-303020
In base 9, what is 54584 - -5?
54600
In base 7, what is 153 + -55611?
-55425
In base 8, what is -5 + -2366?
-2373
In base 13, what is -1 - 4c9b?
-4c9c
In base 6, what is -54315 + 1?
-54314
In base 15, what is 13 + -29c?
-289
In base 5, what is -102 - -1311041?
1310434
In base 9, what is -1251501 + 4?
-1251486
In base 14, what is -76 - 134?
-1aa
In base 3, what is -200121 + 1122?
-121222
In base 6, what is 25340 - -20?
25400
In base 12, what is 13 + b4589?
b45a0
In base 13, what is 135 + 15b4?
1719
In base 7, what is 2022 - 2341?
-316
In base 4, what is -321321100 + 2?
-321321032
In base 5, what is -23143443 + 1?
-23143442
In base 2, what is 111000001011110 + 10101101?
111000100001011
In base 12, what is 1 - 8853?
-8852
In base 4, what is 3100 + 2011031?
2020131
In base 11, what is 4 + -42531?
-42528
In base 7, what is 5 + -10252116?
-10252111
In base 10, what is 1416 - -280?
1696
In base 15, what is 1a + -8aad?
-8a93
In base 7, what is 2 + -1001022?
-1001020
In base 5, what is -4 + -4401342?
-4401401
In base 16, what is -23 + -127c?
-129f
In base 7, what is -140456 + 22?
-140434
In base 6, what is -355 - -110?
-245
In base 16, what is 457e + -7?
4577
In base 4, what is 2131011222 + 11?
2131011233
In base 15, what is 2 - -1846?
1848
In base 12, what is 94037 - -4?
9403b
In base 12, what is 526b0a - -1?
526b0b
In base 2, what is 1010000 + 11111?
1101111
In base 2, what is 100000 - -1100000011101?
1100000111101
In base 4, what is 1203203 - 223?
1202320
In base 6, what is -3354 + -11?
-3405
In base 15, what is a4 + -578?
-4c4
In base 12, what is -1 + 3021?
3020
In base 5, what is -324041144 + 3?
-324041141
In base 5, what is 1 - 31434434?
-31434433
In base 16, what is 5d + -a7e?
-a21
In base 2, what is -1100001111000011 + -1101?
-1100001111010000
In base 7, what is 4665 - -11433?
16431
In base 9, what is -366 - 2005?
-2372
In base 12, what is 80 - 6a?
12
In base 6, what is -4 - 123405?
-123413
In base 16, what is -8 + -201?
-209
In base 6, what is -541223 + 2?
-541221
In base 16, what is 6 - 293e4?
-293de
In base 13, what is -287 - 14c?
-406
In base 9, what is 4 - -753436?
753441
In base 10, what is 20 - 710?
-690
In base 6, what is -45110020 - -1?
-45110015
In base 5, what is 3 - -113131?
113134
In base 8, what is -55553 + 20?
-55533
In base 11, what is -aa + -165?
-264
In base 14, what is 3 - 2b1?
-2ac
In base 12, what is -17343 + 0?
-17343
In base 3, what is -1200001 - -11201?
-1111100
In base 10, what is -1 - -101527?
101526
In base 3, what is 0 - -1200221000?
1200221000
In base 7, what is 5 + -43320?
-43312
In base 14, what is -b97 + -80?
-c37
In base 3, what is -2020020211 - 202?
-2020021120
In base 16, what is 31 - -995?
9c6
In base 2, what is 101011100011011010110 + -10?
101011100011011010100
In base 10, what is -1754 - -18?
-1736
In base 2, what is 1011 - -10110010?
10111101
In base 2, what is -1111010000011101100 - -1?
-1111010000011101011
In base 5, what is -110144 + -1?
-110200
In base 11, what is 44a + 3a9?
848
In base 14, what is -2 - 2d24?
-2d26
In base 4, what is -100300330 - -1132?
-100233132
In base 15, what is 58 - 378?
-320
In base 9, what is 5103457 + -3?
5103454
In base 12, what is b4 - -201?
2b5
In base 12, what is 128 + -114?
14
In base 11, what is 6952a + 3?
69532
In base 15, what is -5 + -131987?
-13198c
In base 3, what is -21 - -102102021?
102102000
In base 12, what is -3 - 65951?
-65954
In base 12, what is -b869 - -69?
-b800
In base 12, what is -1550b71 + 4?
-1550b69
In base 8, what is -467 + 24?
-443
In base 3, what is -210202 + -111?
-211020
In base 9, what is 36 - -76660?
76706
In base 7, what is -52125 + 1411?
-50414
In base 14, what is -28b - -207?
-84
In base 2, what is 100100100 + -101001010110?
-100100110010
In base 4, what is 10 - -123101121?
123101131
In base 14, what is -9c - 95?
-153
In base 3, what is 22102110220 + -12?
22102110201
In base 3, what is -21211112221 - -11?
-21211112210
In base 13, what is 5b26 + 116?
5c3c
In base 12, what is 3154b + 12?
31561
In base 15, what is 10 - -581a?
582a
In base 11, what is 157 - 4a37?
-4890
In base 10, what is -570 + 30?
-540
In base 11, what is -43 - -134?
a1
In base 6, what is 414 + -330?
44
In base 9, what is -1 + -14088?
-14100
In base 3, what is -1210 - -200121?
121211
In base 5, what is -300234 + 3?
-300231
In base 14, what is 3 + -37?
-34
In base 4, what is 12 + -100012300?
-100012222
In base 13, what is -120864 + -4?
-120868
In base 12, what is 28 - 128?
-100
In base 2, what is -101 - -10011010101000101000?
10011010101000100011
In base 4, what is 22321 - 212012?
-123031
In base 15, what is -2d + -3b?
-69
In base 6, what is -14413012 - 2?
-14413014
In base 9, what is 0 - 450873?
-450873
In base 8, what is -671155 + -3?
-671160
In base 13, what is -8 - 17150?
-17158
In base 6, what is -115 - 201300?
-201415
In base 8, what is -42 + -2163?
-2225
In base 14, what is 52 + 1cc76?
1ccc8
In base 4, what is -113100 + -3?
-113103
In base 7, what is 34263 - 5?
34255
In base 12, what is -183 + -540?
-703
In base 4, what is -100031302 - 10?
-100031312
In base 15, what is -722 - -12d?
-5e4
In base 11, what is 285468 - a?
285459
In base 12, what is 15b64 + 3?
15b67
In base 7, what is 315416 + 11?
315430
In base 10, what is -103 - 1169?
-1272
In base 7, what is -1115 - -4230?
3112
In base 9, what is 78 + -2368?
-2280
In base 10, what is -5998 + -368?
-6366
In base 4, what is -212 - -133010?
132132
In base 5, what is 40 - 13013402?
-13013312
In base 3, what is -1000 - -2012201?
2011201
In base 2, what is -10101101001010011 + 100101?
-10101101000101110
In base 3, what is -210 - 1201211212?
-1201212122
In base 16, what is -1 + -5aa2?
-5aa3
In base 13, what is 0 - 20a?
-20a
In base 2, what is 100100 + -1000000000111101?
-1000000000011001
In base 4, what is 2332013003 - 1?
2332013002
In base 15, what is -1 + 16460?
1645e
In base 14, what is -267d - 2d?
-26ac
In base 11, what is -a5 + 295?
1a0
In base 3, what is 202021